 - 664. What is u(-4)?
-4
Let z(d) = -2*d**2 - 17*d + 185. Give z(-14).
31
Let d(k) = k**3 + 4*k**2 + 291*k + 1488. Give d(-5).
8
Let c(y) = -y**3 - 6*y**2 - 31*y - 188. Determine c(-6).
-2
Let z(c) = -2*c**3 - 33*c**2 - c - 3. Determine z(4).
-663
Let k(q) = 472*q - 392. Determine k(1).
80
Let d(u) = -u**2 + 13*u - 15. Calculate d(0).
-15
Let m(z) = -6*z + 124. What is m(20)?
4
Let w(j) = -82*j + 244. Give w(3).
-2
Let b(y) = y**2 - 15*y - 165. Calculate b(22).
-11
Let y(p) = p**3 + 277*p**2 - 324*p - 12780. Give y(-278).
8
Let d(k) = -3*k**2 - 47*k + 222. Give d(5).
-88
Let d(u) = -4*u**2 + 34*u - 24. Determine d(10).
-84
Let v(a) = a**3 + 15*a**2 - 4*a - 3. What is v(-8)?
477
Let m(b) = -b**2 + 24*b + 157. Determine m(30).
-23
Let x(r) = 3190*r + 3179. Calculate x(-1).
-11
Let m(b) = 29*b + 501. Give m(-19).
-50
Let q(l) = 16*l + 188. Calculate q(-18).
-100
Let b(t) = 4*t**2 - 32*t - 51. Give b(12).
141
Let h(n) = n**3 + 12*n**2 - 21*n - 66. Determine h(-14).
-164
Let q(f) = -178*f + 988. What is q(5)?
98
Let l(u) = 2*u**2 - 56*u + 342. Determine l(19).
0
Let h(b) = -b**3 + 5*b**2 + 172*b - 28. Determine h(-11).
16
Let h(i) = 5*i**3 - 15*i**2 + 19*i - 29. Determine h(3).
28
Let g(m) = -2*m**3 + 9*m**2 - 38*m + 129. Determine g(4).
-7
Let d(x) = 64*x**2 + 539*x - 1082. Calculate d(2).
252
Let r(i) = -40*i + 979. Calculate r(23).
59
Let o(j) = j**2 + 19*j + 43. What is o(-3)?
-5
Let s(v) = v**3 - 3*v**2 - 11*v - 13. Give s(-4).
-81
Let p(c) = -3*c**2 + 89*c + 3411. Calculate p(-22).
1
Let r(p) = -2*p**3 + 14*p**2 + 3*p - 30. Calculate r(9).
-327
Let n(x) = x**3 - 67*x**2 - 274*x + 14. Calculate n(-4).
-26
Let w(q) = -q**3 - 124*q**2 + 1059*q - 17. Give w(8).
7
Let p(r) = -r**2 - 23*r + 214. Give p(-30).
4
Let l(x) = 2*x + 20. What is l(45)?
110
Let y(s) = s**3 - 11*s**2 + 31*s - 56. Determine y(7).
-35
Let a(x) = -974*x + 202599. Determine a(208).
7
Let s(w) = -13*w**3 - w**2 + 61*w + 61. Calculate s(-1).
12
Let u(j) = 2*j**2 - 79*j - 54. Determine u(40).
-14
Let a(o) = -31*o + 93. Calculate a(9).
-186
Let u(p) = -43*p - 307. Calculate u(-7).
-6
Let z(g) = 53*g**2 + 1114*g - 10. Calculate z(-21).
-31
Let n(p) = 4*p**2 - 380*p - 440. What is n(96)?
-56
Let a(r) = r**3 + 40*r**2 + 38*r - 74. What is a(-39)?
-35
Let v(z) = -87*z + 3915. Calculate v(45).
0
Let w(u) = 98*u + 1708. Give w(-18).
-56
Let l(k) = k**3 + 26*k**2 + 43*k - 591. Determine l(-23).
7
Let y(x) = -2*x**3 - 61*x**2 - 213*x - 10. Give y(-4).
-6
Let t(c) = c**3 + 36*c**2 + 186*c - 1078. What is t(-28)?
-14
Let w(h) = -6*h**3 - 606*h**2 - h - 105. Determine w(-101).
-4
Let g(z) = 4*z - 39. Determine g(6).
-15
Let v(j) = 3*j + 65. Determine v(30).
155
Let a(l) = l**2 - 279*l + 12651. Give a(57).
-3
Let v(x) = 2*x**3 - 110*x**2 + 315*x - 162. Give v(52).
-6
Let t(n) = -2*n**2 + 41*n - 300. Calculate t(8).
-100
Let n(u) = 2*u**2 - 39*u - 261. Calculate n(-8).
179
Let y(m) = m**3 - 6*m**2 + 3*m + 18. Determine y(3).
0
Let t(m) = -651*m - 1938. Calculate t(-3).
15
Let c(d) = -92*d - 1276. Give c(-14).
12
Let t(r) = -4*r**2 + 23*r + 68. Give t(8).
-4
Let n(h) = 66*h - 4943. Calculate n(75).
7
Let z(d) = 237*d + 6172. Give z(-26).
10
Let q(v) = v**3 - 6*v**2 - 30*v - 29. Determine q(7).
-190
Let j(g) = g**3 + 44*g**2 + 118*g - 20. Determine j(-3).
-5
Let y(x) = x**3 - 51*x**2 - 173*x + 597. Calculate y(54).
3
Let q(k) = 97*k**3 - 192*k**2 + 7. Determine q(2).
15
Let m(s) = 1712*s - 17100. Calculate m(10).
20
Let v(n) = -n**2 + 210*n + 3103. Give v(224).
-33
Let z(t) = 3*t**3 + 20*t**2 + 6*t + 64. What is z(-7)?
-27
Let t(j) = -3*j**2 + 43*j + 87. Calculate t(24).
-609
Let f(q) = 9*q**3 + 5*q**2 - 12*q - 25. Determine f(-3).
-187
Let z(v) = -30*v + 580. What is z(22)?
-80
Let d(a) = -a**2 - 23*a + 180. Determine d(-28).
40
Let k(f) = 122*f**2 + 87*f + 1. Calculate k(-1).
36
Let b(y) = -138*y + 12945. Determine b(94).
-27
Let d(p) = -758*p - 12885. Give d(-17).
1
Let n(v) = -41*v + 491. What is n(12)?
-1
Let d(l) = -l**3 - 20*l**2 + 23*l + 48. Calculate d(-21).
6
Let l(u) = u**3 + 17*u**2 - 671*u - 12033. What is l(-19)?
-6
Let i(y) = 22*y - 588. Give i(27).
6
Let o(v) = 4*v + 208. What is o(-58)?
-24
Let h(n) = -n**2 + 35*n + 1596. What is h(61)?
10
Let v(w) = -w**3 - 19*w**2 - 77*w - 41. Give v(-7).
-90
Let u(n) = -25994*n + 233945. Determine u(9).
-1
Let n(u) = u**3 - 14*u**2 + 24*u - 3. What is n(11)?
-102
Let a(s) = s**2 + 15*s - 380. What is a(-28)?
-16
Let g(d) = -d**3 + 9*d**2 + 11*d - 44. Determine g(7).
131
Let g(w) = -660*w - 13918. Give g(-21).
-58
Let x(p) = p**3 + 44*p**2 - 1461*p + 197. Calculate x(22).
-1
Let a(k) = 115*k + 900. Determine a(-8).
-20
Let l(h) = -80*h + 2071. Calculate l(25).
71
Let y(a) = -a**3 + 18*a**2 - 17*a + 43. What is y(18)?
-263
Let n(i) = -16*i - 179. Give n(-9).
-35
Let g(q) = 3305*q - 13214. Determine g(4).
6
Let l(g) = -g - 48. What is l(-56)?
8
Let f(w) = -4*w**3 - 25*w**2 + 7*w + 2. Determine f(-6).
-76
Let k(y) = 20*y**2 + 23*y - 128. Calculate k(2).
-2
Let c(w) = w**2 - 34*w + 144. Give c(13).
-129
Let q(h) = 5*h**2 - 34*h + 31. Give q(8).
79
Let y(t) = 3*t**2 + 75*t - 1477. Determine y(-38).
5
Let i(k) = -2*k**3 + 143*k**2 + 522*k + 225. Determine i(75).
0
Let d(a) = -2*a**3 + 30*a**2 + 34*a - 41. Determine d(16).
-9
Let u(f) = f**3 + 14*f**2 + 41*f - 100. What is u(-9)?
-64
Let g(l) = 126*l**2 + 270*l + 9. What is g(-2)?
-27
Let b(j) = -270*j + 278. Calculate b(1).
8
Let b(m) = -m**2 + 9*m - 12. Give b(2).
2
Let s(i) = -184*i - 6261. Determine s(-34).
-5
Let m(f) = 3094*f - 27850. Give m(9).
-4
Let z(t) = 13*t**2 - 8*t - 4. Give z(4).
172
Let z(i) = -2*i**3 - 26*i**2 - 43*i - 56. Determine z(-11).
-67
Let h(p) = 2*p**2 - 42*p + 180. Give h(11).
-40
Let w(b) = -2*b**3 + 8*b**2 + 28*b + 28. Calculate w(-2).
20
Let t(f) = -3*f**2 - f - 1. Determine t(-2).
-11
Let a(k) = -8*k - 115. Determine a(-9).
-43
Let o(j) = j**3 + 6*j**2 - 43*j - 24. Calculate o(-10).
6
Let m(u) = u**2 - 12*u + 25. Determine m(9).
-2
Let w(y) = -19*y**2 + 105*y + 41. Calculate w(6).
-13
Let f(d) = d**2 - 69*d + 822. Determine f(53).
-26
Let g(c) = c**2 - 69*c + 303. What is g(58)?
-335
Let f(h) = -11*h**2 - 102*h - 113. Calculate f(-8).
-1
Let h(t) = 15*t + 258. Calculate h(-21).
-57
Let c(m) = -m**3 - 51*m**2 - 89*m + 272. Determine c(-49).
-169
Let l(z) = -17*z**3 - 3*z**2 - 9*z + 15. Determine l(2).
-151
Let q(l) = 5*l**2 - 137*l + 91. Determine q(26).
-91
Let q(f) = 2*f**3 + 41*f**2 + 26*f + 123. Determine q(-20).
3
Let a(c) = 13931*c - 195052. Calculate a(14).
-18
Let y(z) = -158*z - 1051. Calculate y(-5).
-261
Let w(v) = -7*v + 286. What is w(19)?
153
Let o(t) = 25*t + 842. What is o(-27)?
167
Let z(o) = -386*o + 12364. Give z(32).
12
Let z(y) = -5*y**2 - 67*y + 807. Calculate z(8).
-49
Let j(w) = 21*w + 264. Determine j(-11).
33
Let x(z) = -23*z - 572. Calculate x(-24).
-20
Let l(j) = -2*j**2 + 116*j - 1627. Calculate l(29).
55
Let d(h) = 2854*h - 114163. Calculate d(40).
-3
Let b(x) = 100*x**2 - 2305*x + 127. Determine b(23).
12
Let o(x) = 7*x - 94. Determine o(-5).
-129
Let a(n) = -2*n + 77. Determine a(29).
19
Let l(x) = 2*x**2 + 268*x + 1308. What is l(-5)?
18
Let w(j) = -2*j**2 + 11*j + 63. Determine w(16).
-273
Let j(f) = -7*f**3 + 39*f**2 + 5. What is j(5)?
105
Let o(i) = -i - 117. Calculate o(25).
-142
Let h(x) = -x**2 + 20*x + 407. Calculate h(-13).
-22
Let p(n) = n**3 - 10*n - 8. Give p(-3).
-5
Let m(r) = 49*r + 504. Give m(-5).
259
Let s(p) = -50*p**2 + 23*p. What is s(-1)?
-73
Let g(p) = -4*p**3 + 8*p**2 - 7*p + 9. What is g(3)?
-48
Let m(a) = 195*a + 1803. Give m(-9).
48
Let j(n) = -6*n - 100. Determine j(9).
-154
Let a(q) = -11298*q + 11279. What is a(1)?
-19
Let i(w) = w**3 - 13*w**2 + 36*w - 106. Calculate i(8).
-138
Let w(t) = -2*t + 213. Give w(6).
201
Let m(l) = l**3 - 2*l**2 + 88*l + 193. Determine m(-2).
1
Let k(x) = -1202*x - 3591. What is k(-3)?
15
Let y(s) = -s**3 - 36*s**2 - 5*s - 178. Determine y(-36).
2
Let u(w) = -w**2 - 597*w - 64926. What is u(-143)?
-4
Let q(c) = c**2 + 49*c - 260. Give q(-54).
10
Let z(d) = -9*d + 150. Give z(17).
-3
Let o(l) = l**3 + 19*l**2 + 149*l + 596. What is o(-7)?
141
Let h(b) = -b**3 + 48*b**2 + 67*b - 909. Determine h(49).
-27
Let y(j) = 2*j**3 + 31*j**2 + 119*j - 4. What is y(-7)?
-4
Let a(q) = -q**2